Let u = -474 - w. What are the prime factors of u?
5, 11
Suppose 5*r + 23 = 4*c, 3*c + 16 = -4*r - 21. List the prime factors of r/(21/(-1128)) + -4.
2, 3, 31
Let z(w) = -21*w + 26. Let p be z(4). Let s = 84 - p. List the prime factors of s.
2, 71
Let s be ((-9)/36)/((-1)/12). Suppose -2331 = -3*z + 6*d - s*d, -3*d + 1574 = 2*z. List the prime factors of z.
11, 71
Let j(x) = 4209*x + 1767. What are the prime factors of j(6)?
3, 9007
Let r = 83 - 83. Suppose 6*y - 12 = -r*y. Suppose -4*q - 5*v + 717 = 0, -y*q - 3*q + 909 = 2*v. What are the prime factors of q?
3, 61
Let d = 201892 - 129233. What are the prime factors of d?
113, 643
Suppose -779*x + 782*x = -2*j + 43519, 5*x - 2*j - 72569 = 0. What are the prime factors of x?
3, 7, 691
Suppose -3*g = -1 + 7. Let a = 5 + g. Suppose -5*x + a*q + 535 = 0, -3*x - 5*q + 0*q + 321 = 0. What are the prime factors of x?
107
Let f be 1892/(-20) + (-12)/30. Let t be 4 - (-2 + 5) - f. Let k = 82 + t. List the prime factors of k.
2, 89
Suppose -2988646 = -97*g + 1104183 - 1164884. What are the prime factors of g?
5, 6037
Let t(a) = 21*a**2 - 16*a + 10. Let b be ((-1)/3)/(-5*7/735). List the prime factors of t(b).
3, 103
Let v be ((-8)/4 - 1) + 7. Suppose -3*w - 863 = -4*g, 0 = -v*g + w - 3*w + 838. Let r = g + -141. List the prime factors of r.
71
Suppose 0 = -i + 5*p - 32, -5*p + 32 + 24 = -3*i. Let c(v) be the first derivative of -v**3/3 - 7*v**2 + 28*v - 30. List the prime factors of c(i).
2, 13
Suppose 4*a - 2793 = -4*r + 771, 2*a - 892 = -r. Suppose 3*k - 268 = x + r, 0 = -5*k - 2*x + 1930. What are the prime factors of k?
2, 193
Suppose -428*x - 7029948 = -544*x. List the prime factors of x.
3, 20201
Let r(k) = 6598*k**2 - 2*k + 3. List the prime factors of r(1).
6599
Suppose -592*l - t = -596*l + 49620, -5*l + 4*t = -62025. What are the prime factors of l?
3, 5, 827
Let b = -445 + 639. Suppose -3*y + b = -535. Suppose -3*z + y = 3*v, z = -z + 2*v + 182. What are the prime factors of z?
2, 43
Let x(p) = 2*p - 1. Let s(o) = -3*o**2 + 4*o + 1026. Let c(y) = s(y) + 5*x(y). What are the prime factors of c(0)?
1021
What are the prime factors of (-24 + 1)/((11 - -1)/(-8388))?
3, 23, 233
Let v = 14211 - 4103. What are the prime factors of v?
2, 7, 19
Let w(y) = -235*y**3 - 2*y**2 + 4*y - 5. Let j be w(2). Let f = 2678 + j. What are the prime factors of f?
13, 61
Suppose -16*y = -3*y - 274040. What are the prime factors of y?
2, 5, 17, 31
Suppose 4*d = -k, 5*d = -k + 3 - 4. Suppose -3*g + 5*o = -0*g, 3*g - k*o = 0. Suppose -225 = -c + 4*b, -4*c + 3*b + 646 + 306 = g. List the prime factors of c.
241
Let n = 40126 - 17901. What are the prime factors of n?
5, 7, 127
Let d be 12 + -1 - (3 + 0). Suppose 8*w - 8 = d. What are the prime factors of (-19)/(3/w*6/(-9))?
19
Suppose -7*f - 37 + 9 = 0. Let a be f + 6 - -1*2/1. Suppose -a*h = 2*v - 134, 5*h + 400 = 5*v + 2*h. List the prime factors of v.
7, 11
Let t be 7 - (-2)/3 - (-2)/(-3). List the prime factors of ((-1291)/t + 6/14)/(-2).
2, 23
Let l be (-3 - 0 - -1) + (160 - 150). What are the prime factors of (-3984)/(-64) + (-2)/l?
2, 31
Let a be ((-222)/(-4))/(19/190). Suppose 5*u + 2*s - 6*s - 1445 = 0, 2*u + 3*s - a = 0. List the prime factors of u.
3, 5, 19
Let c = 284 + -284. Suppose -3*r + 3838 - 979 = c. What are the prime factors of r?
953
List the prime factors of (-914)/(-6)*(-9495)/(-211).
3, 5, 457
Suppose 0 = 5*q - 3*n - 2283, n = 4*q - 365 - 1460. Let o = q + -271. Suppose -2*m - 3*m + o = 0. What are the prime factors of m?
37
Suppose 9*w - 12*w = -12. What are the prime factors of w + 1425/((-6)/(-2))?
479
Let x be (-88)/(-8)*(1 - 1308). Let f be ((-36)/21 - -2) + x/(-77). Suppose -383 - f = -5*w. What are the prime factors of w?
2, 3, 19
Let r(t) = -9774*t - 1463. What are the prime factors of r(-7)?
5, 7, 1913
Suppose 3*t - 180 = 4*r, -4*t - 8 = r - 248. Suppose 0 = q - t + 4. Suppose q = 10*v - 44. List the prime factors of v.
2, 5
Let t = -118 - -121. Suppose -t*g + 84 = -g. Suppose 4*b + g - 510 = 0. List the prime factors of b.
3, 13
Suppose 0 = -10*f + 7*f + 1563. Suppose -4*r = 3*c + f, 7*c = 5*c - r - 339. Let i = -110 - c. List the prime factors of i.
3, 19
Let r(b) = -b**2 - 9*b + 99. Let t be r(-11). Let l = t + 276. What are the prime factors of l?
353
Suppose 20 = -5*f + 5*c, 5*f + 4*c - c = -44. Let n(v) = -22*v - 61. Let h(j) = -11*j - 31. Let x(u) = f*h(u) + 4*n(u). List the prime factors of x(-8).
61
Let n(p) = p**2 + 95*p - 2569. Let r be n(-117). Suppose -2*t + 0*t + 2024 = 0. Suppose 378 = 4*w - 4*m - 438, -r*w + t = -3*m. What are the prime factors of w?
2, 5
Let f be (-5 + (-95)/(-10) + -4)*6. List the prime factors of -4035*(2 + f)/(-15).
5, 269
Let z(q) = 2*q**2 - 16*q - 104. Let n be z(-6). Suppose 5*t + 3*h - 2574 = 0, -t + 59*h - n*h = -506. List the prime factors of t.
2, 3, 43
Suppose -3*h - 3309 = -3*z, -2*h = 5*z + 501 - 6002. Suppose 17*l = z + 89. What are the prime factors of l?
2, 5, 7
Let r(z) = 5*z - 5. Let p = 32 + -29. Suppose 3*f - 12 = 3, 0 = -p*s - f + 29. List the prime factors of r(s).
5, 7
Let g = 29953 + -16769. List the prime factors of g.
2, 103
Let x = 213 + -800. Let l = x - -1955. List the prime factors of l.
2, 3, 19
Let s be (1*6/2)/1. Let f = -1039 + 1103. Suppose -h + f = s*h. List the prime factors of h.
2
Let d be -5 - (8/(-2) - -1671). List the prime factors of 4*-29*(d/(-16))/(-19).
2, 11, 29
Suppose 21531*h - 21513*h = 564660. List the prime factors of h.
2, 5, 3137
Suppose -4*v + 1314*o = 1309*o - 81226, -18 = 3*o. List the prime factors of v.
53, 383
Suppose -11229 + 57301 = 13*c. List the prime factors of c.
2, 443
Let q(g) = 5*g**2 + 17*g - 17. Let h be q(-10). Suppose 3*n = -3*r + n + h, r + 3*n = 116. What are the prime factors of r?
101
Let t = -34 - -36. Suppose 4*x - c = 0, 2*x - t = -3*c + 4*c. What are the prime factors of (8 - 8)*x/(-2) + 276?
2, 3, 23
Let n(p) = 532*p**2 - 26*p - 15. List the prime factors of n(-5).
5, 2683
Let p = 187 - 119. Let y = p + -66. What are the prime factors of 5/(10/128) - -2 - y?
2
Let o(w) = -w**3 - w**2 + w + 15. Let t be o(0). Suppose 16*d = t*d + 543. What are the prime factors of d?
3, 181
Let h(p) = 159*p**2 - 1. Let r be h(3). Suppose -1290 = -5*k + r. What are the prime factors of k?
2, 17
Let i(z) = -15 + 12*z**2 - 14 - 17 + 115*z + 34. List the prime factors of i(-11).
5, 7
Let o = 8671 + -4695. What are the prime factors of o?
2, 7, 71
Let v(x) = 314*x - 395. List the prime factors of v(19).
3, 619
Let u(a) = -a**3 - 8*a**2 - 3*a + 22. Let t be u(-7). What are the prime factors of 12/(-36) + (-2408)/t?
401
Let x(w) = 956*w - 29. Let p be x(9). Suppose 5*y = -5*k + p, 4*y + 16 - 8 = 0. What are the prime factors of k?
17, 101
Let m(g) = -g**2 - 10*g - 12. Let p be m(-8). Let y(o) = 12 - 5 + 3*o - p + 2. List the prime factors of y(8).
29
Let b(h) = -h**3 - 20*h**2 - 2*h - 12. Suppose 2*d = 5*g - 0*g - 7, 4*g = -3*d + 24. Suppose -g*r + r - 40 = 0. List the prime factors of b(r).
2, 7
Suppose 7*d + 950 = 57*d. List the prime factors of 2/d - (13 - 305268/228).
2, 3, 13, 17
Let q(s) = 2*s**2 + 28*s - 65. Let a be q(-16). List the prime factors of a*934/(-2) + (-1 - -1).
467
Let b(c) = -1030*c**3 - 21*c - 8. List the prime factors of b(-3).
5, 5573
Let q = 26 + -20. Suppose -2*n - 16 + q = -2*u, -4*u - 5*n + 2 = 0. What are the prime factors of (2550/45)/((-1)/(u/(-2)))?
5, 17
Suppose 11*m = 8*m + 6. Let z be 4 + -4 + (-2)/(m/(-3)). List the prime factors of ((-42)/8)/(z/(-8)).
2, 7
Let k = 38 - 3. Let h be (-1 - 0)/(2 + k/(-18)). What are the prime factors of (-351)/h - 2*(-6)/(-8)?
2, 3
Suppose h - 10442 = -138*p + 133*p, 0 = h - 2*p - 10428. What are the prime factors of h?
2, 163
Suppose -14*w = -13*w - 5. Suppose -20 = 5*j + d, d = 3*j - 1 + w. Let v(n) = 21*n**2 + 4*n + 21. What are the prime factors of v(j)?
2, 3, 11
Let r = -127 + 133. Suppose 3*l = r, 5*l = 4*o - 1075 - 3971. List the prime factors of o.
2, 79
Suppose -2*q = -5*u - 9891, 2*u + 0*q + q + 3951 = 0. List the prime factors of 16/192 - u/36.
5, 11
Suppose -18*z = -37*z + 2*z + 120360. List the prime factors of z.
2, 3, 5, 59
Let o = -104 - -102. Let v be 30/o*((-32)/4)/24. What are the prime factors of 1/1 + -2 + 3 + v?
7
Suppose -11*k + 9723 = 41348. Let o = -1766